e -4*t = 159 + w. Let r = t - -255. What is the greatest common divisor of 20 and r?
20
Let m be (72/156 - 378882/(-91)) + -4. What is the highest common factor of 800 and m?
160
Suppose 0 = 3*m + 2*d - 19, 0 = -m - 4*d + 3. Suppose m*n - 140 = -3*n. Calculate the highest common divisor of n and 112.
14
Let f(n) = -4*n**2 + 57*n + 77. Let m(j) = -2*j**2 + 19*j + 25. Let h(z) = 4*f(z) - 11*m(z). Let o be h(-6). Calculate the highest common factor of 45 and o.
45
Suppose 0 = 2*o - 3*p - 31, -o - 2*p + 42 - 23 = 0. What is the greatest common divisor of 22219 and o?
17
Let i = 12 + 20. Let h = -980 - -1018. Suppose -2*r = -2*w + h, -7 = 5*w - r - 90. Calculate the greatest common factor of w and i.
16
Let m(r) = 125*r**2 - 1. Let v be m(1). Suppose -33*y - 12*y + 336 = 39*y. What is the greatest common factor of v and y?
4
Suppose 28 = -4*y, -40139 = 15*p - 20*p + 2*y. What is the highest common factor of 25 and p?
25
Let n = -40 - -41. Suppose 5*c = -15, n + 7 = 4*l + 4*c. Suppose 3*u - v - 139 = 0, 3*u = 4*u + 2*v - 37. Calculate the highest common divisor of l and u.
5
Let l be (2/(-6))/((-2)/(-5) + (-82931)/205740). What is the greatest common factor of 999 and l?
27
Let v(b) = b**3 + 4*b**2 - 3*b + 36. Let l be v(-7). Let q = l - -103. What is the highest common divisor of q and 221?
13
Let l = 69 + -39. Let i be (49 + -51)/((-8)/202) - 2/4. What is the highest common divisor of i and l?
10
Let f(v) = 13*v**2 - 55*v + 1038. Let l be f(18). Calculate the greatest common factor of l and 240.
60
Let j(p) = 1106*p + 16855. Let m be j(-8). Calculate the highest common divisor of m and 51.
51
Let o(f) = -f**3 + 51*f**2 + 30*f - 234. Let c be o(51). What is the greatest common factor of 96 and c?
48
Let t be 1/1 + 29/(29/90). Calculate the highest common divisor of t and 98.
7
Let m = 68 + -171. Let j = 157 + m. What is the highest common divisor of j and 3?
3
Let z = 9023 + -8798. Calculate the greatest common divisor of 657 and z.
9
Let k = 32 + -27. Let d(q) = 5*q - 2. Let j be d(k). Let v = j + -1. What is the highest common factor of 2 and v?
2
Suppose -52 = -2*a - 3*u + 28, 0 = 5*u + 20. Suppose -3*b = 37 - a. Suppose -516 = -b*q - 3*q. Calculate the highest common divisor of q and 215.
43
Suppose -a = 570 - 571. Let s(x) = 144*x**3 + x**2 - x. Let m be s(a). Calculate the highest common divisor of 18 and m.
18
Let y(n) = -8*n**3 - 7*n**2 + 16*n + 29. Let k be y(-3). What is the highest common factor of 871 and k?
67
Let m = 2037 + -1192. Calculate the greatest common divisor of 2080 and m.
65
Suppose 25*z = -51 + 351. Let x(w) = -5*w**3 - 6*w**2 - 17*w + 6. Let o be x(-6). Calculate the highest common divisor of z and o.
12
Let g(u) = 2*u**2 + 39*u - 16. Let x be g(-20). Let d(s) = 2*s**3 - 4*s**2 + 4*s - 5. Let w be d(x). Calculate the greatest common divisor of w and 15.
15
Let y(a) = 4*a**3 - 66*a**2 - 105*a - 45. Let p be y(18). What is the highest common factor of p and 99?
9
Suppose -4*w = 4*u - 76, 0 = -3*w + 25*u - 21*u + 36. Calculate the highest common divisor of 28 and w.
4
Suppose w + 4*v - 103 = 0, 0 = -56*w + 57*w - 7*v - 180. Calculate the highest common divisor of 31833 and w.
131
Let d = 506 - 500. Let i(r) = -3*r - 5*r**2 - r + 2*r**2 + r**3. Let j be i(d). Calculate the greatest common divisor of 12 and j.
12
Let j be ((-4)/(-7))/(19/1596). Let l = 29 + -24. Suppose l*k + 2*b - 48 = 0, 3*k - b - 8 = 12. Calculate the highest common factor of j and k.
8
Let w(o) = 3*o**2 + 228*o + 3030. Let u be w(-76). Calculate the greatest common factor of u and 90.
30
Suppose o + 5*t - 5833 = 0, 0 = -5*o - 2*t + 6*t + 29165. Calculate the greatest common divisor of 19 and o.
19
Suppose 195*q + 127 = 322*q. Suppose -3*h = -4*h + 28. Calculate the highest common divisor of h and q.
1
Suppose -29*x = -132 + 16. Let h be 28/(-56) - (-114)/x. Calculate the highest common divisor of h and 35.
7
Let q(f) = 6*f**2 + 44*f + 264. Let w be q(-8). Calculate the highest common factor of w and 32.
8
Suppose 4*d - 13026 = -3*a, -4*a = 4*d - 21060 + 8028. Calculate the greatest common factor of 6 and d.
6
Let c = 2998 - -4338. Calculate the highest common factor of 14 and c.
14
Let t be (2/11)/(7/77). Suppose t*f - 5*r - 24 = -4*r, -2*r - 58 = -5*f. What is the highest common divisor of f and 150?
10
Suppose -10*c - 5*c + 75 = 0. Suppose -3*o + m + 61 = 0, 4*o - c - 71 = 4*m. Calculate the greatest common factor of o and 336.
21
Let t = -5442 + 5445. What is the greatest common factor of 47 and t?
1
Let m(o) = 9*o**3 - o**2 + o. Let q be m(1). Let l be (2/6)/((-75843)/(-2916) - 26). What is the greatest common divisor of l and q?
9
Let l(o) = -o**3 - o**2 + 12*o + 12. Let a be -1 + 6 + 72/(-8). Let u be l(a). What is the greatest common divisor of u and 150?
6
Suppose 0 = -4*l + z + 82011, -21*z + 82001 = 4*l - 24*z. Calculate the highest common divisor of 176 and l.
88
Suppose 4 = 4*h - 8. Let c(q) = -q**3 + 2*q**2 + 5*q - 5. Let y be c(h). Let t be (0 - 21)*7/(-21). What is the highest common factor of y and t?
1
Let a = 7187 + -4686. What is the highest common divisor of 610 and a?
61
Suppose -4*i = 0, 5*p - 3*p - 3*i - 42 = -0*p. Calculate the greatest common factor of 12579 and p.
21
Let y(g) = 202*g - 256*g + 24 + 8. Let k be y(-4). What is the highest common factor of k and 31?
31
Let t = -335 - -244. Let b = t - -291. What is the highest common divisor of b and 25?
25
Suppose 0 = w + 2*w - 24. Suppose 9*a - 617 = -329. What is the greatest common factor of a and w?
8
Let b(y) = -6*y + 32. Let g be b(4). Suppose g*k - 129 = 351. Suppose -k = -3*r + 300. What is the greatest common factor of 48 and r?
24
Suppose -450 = -5*a - 90. Suppose -3*g - 271 = -2*n, -4*g + a + 663 = 5*n. What is the highest common factor of n and 13?
13
Let o(m) = -2*m**2 - 79*m + 1031. Let r be o(10). What is the highest common divisor of r and 12136?
41
Let u(m) = -m**3 - 3*m**2 + m. Let k be u(3). Let z = -11 - k. Let h = 20061 + -19621. Calculate the greatest common divisor of h and z.
40
Let h be (-1984)/((-32)/6 - -2 - (-48)/36). Calculate the highest common divisor of 256 and h.
32
Let w = -9 - -124. Suppose -9 - w = -2*v. Let u = 2532 + -2439. What is the highest common factor of u and v?
31
Let t = 15 + -10. Let d(c) = -18*c - 34. Let w be d(-3). Calculate the greatest common divisor of w and t.
5
Suppose 0 = k + 2*p - 0*p - 154, 4*k - 2*p = 646. Suppose -300*u + 154 = -286*u. Suppose -t - k = -u*t. What is the greatest common factor of 64 and t?
16
Let t be (585/(-75))/(6/(-10)). Calculate the greatest common divisor of 1781 and t.
13
Let d = 10631 - 10515. What is the highest common factor of d and 12412?
116
Let j = 372 + -362. Suppose j*n - 1386 + 26 = 0. What is the highest common factor of 51 and n?
17
Suppose 2*b - 37 = -35, -4*z + 91 = 3*b. Let w = 497 - 200. What is the highest common factor of w and z?
11
Let o be 5*(12/(-75))/(2/(-115)). Suppose -9*d = 1 - o. Suppose -d*f + 4*j - 56 = -1200, -3*j - 231 = -f. What is the highest common factor of 12 and f?
12
Suppose 238*s = 215*s + 9016. Calculate the highest common divisor of 16562 and s.
98
Let m = -633 - -1143. Suppose h + 18 = 5*b + 108, 4*h + 3*b = 360. Calculate the greatest common divisor of m and h.
30
Suppose 3*u + 4 = 2*v - 15, 3*v = 2*u + 26. Let n be (2*28*-1)/(9 - 10). Calculate the greatest common factor of v and n.
8
Let z = -1461 - 217. Let j = -1151 - z. Calculate the highest common divisor of 62 and j.
31
Let d(n) = 2*n**3 + 3*n**2 - 3*n + 1. Let j = 51 - 53. Let u be (1/(-2*(-1)/j))/(-1). Let f be d(u). Calculate the greatest common factor of 3 and f.
3
Let z be 56 - 0/(2/(-2)). Suppose m + z = -28. Let l = -28 - m. What is the greatest common divisor of l and 28?
28
Let n(w) = w**3 + 18*w**2 + 12*w - 13. Let u be n(-17). What is the highest common divisor of u and 2076?
12
Let l(j) = 16*j - 93. Let o be l(6). Suppose f = -o*d - 0*f + 10, 0 = 4*d + 5*f - 17. What is the highest common factor of d and 6?
3
Let t be (6 - 3)*(-3)/(-9)*2. Suppose -3*h - t*h + 923 = 3*y, -y + 2*h + 304 = 0. Calculate the greatest common factor of 9 and y.
9
Suppose -3*n + 2888 = 5*j, 3*j - 3913 = -5*n + 943. Calculate the highest common divisor of 256 and n.
16
Let k be (-545)/(-4) + 1/(-4). Suppose -3